factors of t.
47
Let u be (-1)/(((-8)/(-4))/(-4)). Suppose -f - 1 - 29 = u*b, b = 1. Let y = f - -58. What are the prime factors of y?
2, 13
Let g = 157 - 52. Let i = g - 39. What are the prime factors of i?
2, 3, 11
List the prime factors of (-42)/126*(1 - 4288).
1429
Suppose 46*m - 44*m + a - 4815 = 0, -2*a = -m + 2395. List the prime factors of m.
5, 13, 37
Let x = 10 + -71. Let y = x + 28. Let u = -11 - y. What are the prime factors of u?
2, 11
What are the prime factors of (-1 + -637)/(-35 - -33)?
11, 29
Let z(d) = -2*d + 29. Let m be z(13). Suppose g - 36 = -m*g. Suppose 0 = -g*t + 4*t + 205. What are the prime factors of t?
41
Let n(j) = 136*j**2 - 15*j - 66. List the prime factors of n(-4).
2, 5, 7, 31
Suppose 4*m + m - 4*l = 31, -m = -5*l - 2. Let n(g) be the second derivative of -g**4/12 + 4*g**3/3 - g**2 - 3*g. List the prime factors of n(m).
5
Suppose 0 = 67*f - 62*f - 470. List the prime factors of f.
2, 47
Let l(f) = -f**3 + 31*f**2 - 20*f + 39. List the prime factors of l(29).
7, 163
Suppose -4826 = 13*u - 16162. What are the prime factors of u?
2, 109
Let y(v) = -23*v**3 + v**2 - 1. Let u be y(1). Let o = -18 - u. What are the prime factors of (o - 6)/((-2)/24)?
2, 3
Let c = 2202 - 1301. What are the prime factors of c?
17, 53
Suppose 3*n + 1 = o - 2, -4*n - 14 = 2*o. Let x be 93/(o + (-45)/(-12)). Suppose 0 = -2*a + 5*g + 69, 4*a - x = -2*g - 2*g. What are the prime factors of a?
2
Let f be (1 + 18/(-4))*22. Let i = f + 149. Suppose -i = 9*u - 13*u. List the prime factors of u.
2, 3
Suppose 0 = 4*h - 4*k + 6 - 2, 2*k - 5 = -h. Let x be h/(-2)*(2 + 0). What are the prime factors of ((-5)/4)/(x/4)?
5
Let c(f) = 4*f - 11 - 5 + 7 + 0*f. List the prime factors of c(6).
3, 5
Let y be (-4)/(-14) + (-2595)/(-105). Suppose -4*d - 3*f = -6 - 19, -2*d + f = -y. What are the prime factors of 129/6 - (-5)/d?
2, 11
Let f be 2/3 + (-10)/(-3). Suppose 4*l = b - 121, -f*b + 5*l + 216 = -323. What are the prime factors of b?
3, 47
Suppose 17*n + 9199 = 53467. List the prime factors of n.
2, 3, 7, 31
Let p(l) = -l**2 - 2*l - 2. Let r be p(2). Let g = 12 + r. Suppose 0 = 2*j - 2*o - 18, 0 = -g*j - 3*o + 51 - 18. What are the prime factors of j?
2, 3
Suppose 4*z - c - 284 = 0, -z + 2*c + 71 = -c. Let q = -37 + z. List the prime factors of q.
2, 17
Let k = 1 + 7. Suppose 5*x = x + k. List the prime factors of x*(-16)/((-1)/1).
2
Let d(k) = -4*k + 0*k - 19*k. List the prime factors of d(-1).
23
Suppose 2 = -r + 5*d + 4, d = -3*r - 42. Suppose 2*k - 25 = 5*b + 4*k, 0 = 2*b + 5*k + 31. Let o = b - r. What are the prime factors of o?
2, 5
Let w = 28 - 181. Let p = w + 230. List the prime factors of p.
7, 11
Let k = 28 - 42. Let r be (-35)/k + (-3)/(-2). Suppose 106 = r*n + 18. What are the prime factors of n?
2, 11
Let s(r) = 15*r - 7. Suppose 6*n + 14 = 7*n. Let b be (-16)/n*(-7)/2. What are the prime factors of s(b)?
53
Suppose 1488 = 3*w - 348. Suppose -p = -4*i + w, -7*p = 4*i - 2*p - 588. What are the prime factors of i?
2, 19
Let g(z) = -z**3 - 11*z**2 - 23*z - 15. Let m be g(-10). Suppose -3*t = -0*n + 2*n - m, 0 = 4*n - 4*t - 260. List the prime factors of n.
2, 31
Suppose 0 = -5*k + 13 + 2. Suppose 0 = 5*w - k*w - 38. What are the prime factors of w?
19
Let w be (-84)/(-9) + 2/3. Suppose 11 = -3*j - 1. What are the prime factors of (w/j)/((-2)/20)?
5
Let h(c) = 21*c**2 + 21*c + 98. List the prime factors of h(-5).
2, 7, 37
Let b(y) = 351*y**2 - 31*y - 89. List the prime factors of b(-3).
3163
Suppose -2*i + 5*i - 2*l = 42, 54 = 5*i + 2*l. List the prime factors of 2*i/8*27.
3
Suppose -5*f + 21 = -4. What are the prime factors of 199/f + (-9)/(-45)?
2, 5
Let f(a) = -a**3 - a**2. Let l(n) = n - 7. Let r be l(5). Let u be f(r). Suppose -u*d = -2*b + 6*b - 84, -b = 5*d - 33. What are the prime factors of b?
2, 3
Let j = 14 - 20. Let l(b) = -22*b - 5. Let h be l(j). Let x = h - 83. List the prime factors of x.
2, 11
Let z be (-198)/(-15) + 3/(-15). Let a = 24 - z. Let r = a - -11. List the prime factors of r.
2, 11
Suppose 3*a = 2*l + 5*a - 4, -4*l + a = 2. Suppose l = 4*h - 2 - 10. Suppose -h*v + 11 + 7 = 0. List the prime factors of v.
2, 3
List the prime factors of (10/(-25))/((-428751)/(-107190) - 4).
2, 3, 397
Let y(l) = 2*l**2 + 50*l + 2*l**2 - 41*l + 8. What are the prime factors of y(-6)?
2, 7
Let f(w) = -9*w**3 + 3*w**2 - w - 2. Let p be f(-2). Suppose 0 = -2*c + 84 + p. What are the prime factors of c?
2, 3, 7
Let w = 80 - 76. List the prime factors of 176/(w - ((-160)/(-12))/4).
2, 3, 11
Let u = 2739 - 1887. List the prime factors of u.
2, 3, 71
Suppose -52*q = -43*q - 5580. List the prime factors of q.
2, 5, 31
Let a = -2 - 17. Let d(n) = n**3 + 20*n**2 + 18*n - 4. What are the prime factors of d(a)?
3, 5
Suppose -171 = -4*m + 1. Suppose u - m = 31. Suppose -u = -x - 14. What are the prime factors of x?
2, 3, 5
Suppose -223 = -7*f + 141. What are the prime factors of f?
2, 13
Suppose 0 = -3*a + 8*a - 30. Let f(b) = b**2 - 5*b - 8. Let j be f(a). List the prime factors of 7 - (3 - (-6)/j).
7
Let l(f) = -101*f**2 - 4*f - 5. Let m = -15 - -11. Let o be l(m). What are the prime factors of o/(-105) - 4/14?
3, 5
Let y(v) = -145*v + 167. List the prime factors of y(-9).
2, 23
Let j(d) = -d**2 - 3. Let t be 0/((3 - 2)*-1). Let g be j(t). Let u = g - -37. List the prime factors of u.
2, 17
Suppose 0*i + 3*i - 36 = 0. Let z = -8 + i. Suppose -w = z*w - 125. What are the prime factors of w?
5
What are the prime factors of ((-2724)/15)/(18/(-270))?
2, 3, 227
Suppose -19*p = -3*p - 30672. What are the prime factors of p?
3, 71
Let r(i) = i**3 - 6*i**2. Let u be (4 - 0) + (-2)/(-1). Let p be r(u). Suppose -4*h + 5 + 3 = p. What are the prime factors of h?
2
Let h(t) = -2*t - 4. Let n be h(-8). Suppose 0*o + 3*o + 9 = 0. What are the prime factors of ((-18)/n)/(o/8)?
2
Let w(f) be the first derivative of 146*f**3/3 - 2*f**2 - 2*f + 21. What are the prime factors of w(-1)?
2, 37
Let y(z) = z**2 + 2*z + 1. Let a be y(-1). Suppose 19 = -a*b + b. What are the prime factors of b?
19
Let n = -81 + 86. Let g(s) be the third derivative of s**5/60 + s**4/24 - 2*s**2. What are the prime factors of g(n)?
2, 3, 5
Let l(q) be the second derivative of q**3 - q**2/2 - 8*q. Let r be l(1). Suppose -2*t + r*z + 132 = 0, t - 3*z = -4*t + 330. List the prime factors of t.
2, 3, 11
Let f = 1 + 2. Let r = f - -8. List the prime factors of r.
11
Let t(x) = x - 3*x + 16 + 21 + 3*x. What are the prime factors of t(12)?
7
Let g(o) = -4*o + 44. Let q be g(10). What are the prime factors of 52/(-14) + q + 572/7?
2, 41
List the prime factors of (21/(-70))/3 - (-40862)/20.
3, 227
Let i = -1458 + 2788. What are the prime factors of i?
2, 5, 7, 19
Let w(r) = 145*r + 77. What are the prime factors of w(25)?
2, 3, 617
What are the prime factors of (1970/(-25))/((5 - -2)/(-245))?
2, 7, 197
Suppose -2*y + 0*y + 5*o + 36 = 0, -2*y - 4*o + 36 = 0. Suppose y = 3*g + 6. Suppose -v - 2*h - 86 = -5*v, g*h = 12. What are the prime factors of v?
23
Suppose 0 = 3*j - m - 12, -3*j - 3*m = 2*j - 20. Let h be ((-6)/j)/(3/(-6)). Suppose -g + 31 = h*r, 13 = -g - 2*r + 47. What are the prime factors of g?
2, 5
Let x(i) = 12*i**2 - 57*i + 20. List the prime factors of x(12).
2, 7, 19
Let q(b) = 8*b**2 - 76*b - 6. List the prime factors of q(17).
2, 3, 13
Let a = 1542 + -583. List the prime factors of a.
7, 137
Let i(l) = l**3 + l**2 + 3*l + 3. Let p be i(4). Let a = p + 47. What are the prime factors of a?
2, 71
Let b = -426 - -1296. List the prime factors of b.
2, 3, 5, 29
Let l(m) = -57*m + 30. What are the prime factors of l(-10)?
2, 3, 5
Let h be (9 - 0)*(0 - 3/(-9)). Let c(b) = 32*b - 16. List the prime factors of c(h).
2, 5
Let z(m) = -m**3 - 15*m**2 - 25*m - 24. What are the prime factors of z(-19)?
5, 379
List the prime factors of -2*(9 - -664)*-2.
2, 673
Suppose -10 = -y + 6*y, 2*y - 28 = -4*h. List the prime factors of (-3 + -4 + h)*139.
139
Suppose 4*g - 6 - 4 = a, 0 = -a - 4*g + 14. Suppose -5*j - a*w = -121, 4*w + 14 = j + w. What are the prime factors of j?
23
Let j(v) = 3*v**2 - 5*v + 3. Let u(k) = 1. Let g(d) = j(d) + u(d). Let s(t) be the first derivative of g(t). List the prime factors of s(5).
5
Let k(u) be the first derivative of 3*u**2/2 + 18*u + 1. Let c be k(10). Suppose -5*